99
Let r(t) = t**3 + t**2 - t - 4. Let s(p) = 3*p - 26. Suppose -5*w + 19 = -26. Let y be s(w). Let n be (-2)/(-5) + (y - (-14)/(-10)). What is r(n)?
-4
Let f(t) be the second derivative of -t**4/12 + 5*t**3/6 + 12*t**2 + 4735*t. Calculate f(-5).
-26
Let i(k) = 3*k**2 - 7*k + 1. Let z = -130 - -5. Let j be (z/5)/(-5) + -4. Let o(c) = -c**2 + 1. Let y(n) = j*i(n) + 4*o(n). Give y(-8).
-3
Let x(w) = w**3 - 4*w**2 + 6*w - 3. Let q be x(3). Let s(y) = y**3 - 7*y**2 + 5*y + 1. Let p be s(q). Let r be (6 - 2) + p/(-5). Let m(v) = 2*v - 6. Give m(r).
4
Let x be 21*(2/3 - 6/6). Let w(f) be the third derivative of f**5/60 + 7*f**4/24 + f**3/6 + 5*f**2. Calculate w(x).
1
Let o(i) = -7*i + 7. Let q(h) = -3*h + 4. Let w(s) = 4*o(s) - 9*q(s). Suppose 5 - 2 = -g. Let v(x) = x + 1. Let b(r) = g*v(r) - w(r). Calculate b(5).
-5
Let x be 70/9 - (-6)/27. Let h = 763 + -761. Suppose 0*r + x = h*r. Let m(f) = 5*f - 3. Calculate m(r).
17
Let y(t) = -3*t - t**2 + 7 + 2*t**2 + 0*t**2 + 0*t. Let a(i) = i**2 - 71*i + 143. Let g be a(2). What is y(g)?
17
Suppose -22*t = -t - 735. Suppose -41*k + 30 = -t*k. Let b(j) = j**2 - 4*j**2 + j**3 - 3*j**2 + 5 + 5*j. What is b(k)?
5
Let g(x) be the second derivative of x**3/6 - x**2 + 5*x - 11. Let j(l) = -5*l - 9. Let v(q) = 3*g(q) + j(q). Calculate v(-11).
7
Let z(r) = 13*r**3 - 5*r**2 + 7*r + 2. Let h(m) = 5*m**2 - 15*m**3 - 463*m - 3 + 923*m - 468*m. Let u(s) = -6*h(s) - 7*z(s). Determine u(3).
19
Let u(f) = 5*f + 41. Let x be u(-8). Let v(z) = 6*z - 5*z - 31*z**3 + 32*z**3 - x. Determine v(1).
1
Let j be (0 + 36/8)*6. Suppose -4 = -j*p + 77. Let g(o) = 5*o + 3. What is g(p)?
18
Let p(n) = -n**2 + 18*n - 67. Let c = -3279 + 3291. What is p(c)?
5
Let t(a) = -248*a - 1. Let s(l) = 1237*l - 15. Let u(r) = s(r) + 5*t(r). Let h(f) = -f**3 + f**2 + 2*f + 4. Let c be h(3). Calculate u(c).
4
Let j(u) = 6369*u - 4 - 3 - 6370*u. Suppose p - 8 = 4*k, 3*k + 10 = -p + k. Determine j(p).
-3
Let g(a) = 3*a**3 + 17*a**2 + 26*a - 24. Let s(t) = -4*t**3 - 19*t**2 - 26*t + 22. Let q(u) = 5*g(u) + 4*s(u). Give q(11).
12
Let s = 282 - 505. Let w = 226 + s. Let k(r) = -r**2 + 2*r + 4. Give k(w).
1
Suppose 14 - 5 = 3*q. Suppose -2*c + 4*c + 2 = 0, 3*y - 9 = q*c. Let r(a) = -y*a - 23 + 25 + 3*a. What is r(-6)?
-4
Let n(q) = 2*q**3 - 38*q**2 + 97*q + 15. Let y be n(16). Let g(k) be the first derivative of 1/2*k**2 + y + k - 3*k**3. Calculate g(-1).
-9
Let p = -172 - -177. Let n be p + 2 + -10 + -2. Let c(x) = 7*x**2 + 11*x + 1. Let j(v) = 6*v**2 + 10*v. Let t(w) = -5*c(w) + 6*j(w). Calculate t(n).
-5
Suppose 0 = 44*l + 211 - 739. Suppose -33*m = -29*m + l. Let c(v) = -v**2 - 4*v - 2. What is c(m)?
1
Let o(k) be the third derivative of 1/6*k**4 + 0*k + 0 - 53*k**2 - 4/3*k**3. Determine o(6).
16
Let q be (91/(-14))/((-1)/2). Let g(w) = 6*w + q*w + 2*w. What is g(1)?
21
Let u(o) = 9*o + 1. Let f be u(-1). Let j(h) be the third derivative of -h**6/120 - 2*h**5/15 - h**4/24 - h**3/2 - 252*h**2 - 57. What is j(f)?
5
Let m(r) = -r**2 - 5*r - 5. Suppose 11 = -3*v + 4*n, -2*n - 9 + 2 = v. Let b be m(v). Let i(h) = 3*h + 13. What is i(b)?
-2
Let j(x) be the third derivative of -1/24*x**4 - 1/24*x**5 - 33*x**2 + 0 - 11/6*x**3 + 0*x - 1/360*x**6. Let l(w) be the first derivative of j(w). Give l(-4).
3
Suppose 2*w = 3*w - 8. Let l be 14/28*w/(-2). Let v(h) = 2*h - 2. Give v(l).
-6
Let y = 58 + -55. Suppose -c - 23 = -y*q, -q + c = -4*c - 31. Let x(d) be the second derivative of -d**5/20 + d**4/2 + 2*d**2 + 5*d - 1. What is x(q)?
4
Let u(j) = j**2 + 12*j - 6. Let n be (-13)/(-52)*-37 + (-4)/(-64)*4. Give u(n).
-33
Let a(v) be the second derivative of 1/120*v**6 - 7/60*v**5 + 0 - 5/6*v**3 + 7/24*v**4 + 1/2*v**2 + v. Let g(b) be the first derivative of a(b). Calculate g(5).
-20
Let r(l) = 2*l**2 - 6*l - 34. Suppose -127 = 111*k - 581 - 212. Give r(k).
2
Let u(y) = 13*y**3 + 2*y**2 + 5*y + 5. Let f(r) = 19*r**3 + 3*r**2 + 7*r + 7. Let n be 3/((-6)/10) + 0/3. Let z(a) = n*f(a) + 7*u(a). Calculate z(-2).
28
Let o(k) = 5*k**2 - 35*k - 46. Let d(r) = 3*r**2 - 23*r - 31. Let z(w) = 8*d(w) - 5*o(w). Let y be z(-6). Let c(l) = l + 12. Calculate c(y).
12
Let f(w) = -2*w + 25. Let a(r) be the third derivative of -r**4/24 + 11*r**3/6 - 4*r**2 - 17. Let u(x) = -5*a(x) + 2*f(x). Calculate u(3).
-2
Let w be ((-5)/(-50)*-69 + 2/5)*2. Let k(q) = -4*q - 48. Give k(w).
4
Let w(y) = 22*y + 9. Let k = 3956 - 3959. Give w(k).
-57
Let n = -3261 - -3270. Let j(c) = -c**3 + 105*c**2 + 11 - 6*c - 95*c**2 - 3*c. Determine j(n).
11
Let s(r) = 1 - 2*r - 6 + r. Let j(k) = 2*k**3 + 14*k**2 + 12*k + 2. Let y be j(-6). Suppose -1 = -b - 5*u, -y*u = -4*b - 3*u + 23. Give s(b).
-11
Let t(b) = b - 7. Suppose 2*w - 1 - 1 = 0, 136 = x + 5*w. Let u = x - 130. Let g be (49 - 55)*(u + (-5)/2). Calculate t(g).
2
Let l = 219 + -151. Let c = l - 66. Suppose -2*d = 2, -c*d - 8 = 5*y + d. Let x(h) = 3*h**2 + 1. Calculate x(y).
4
Let h(k) = -30*k - 65. Let s(o) = 7*o + 68. Let g(j) = 2*h(j) + 3*s(j). Give g(2).
-4
Let b(t) be the third derivative of -3*t**4/2 - 19*t**3/3 + 61*t**2 + 46. Give b(-4).
106
Let u(n) = -16*n - 47. Let f = 4904 - 4907. Determine u(f).
1
Let v(j) = 11*j**2 - 27*j + 15. Let i(m) = 20*m**2 - 51*m + 30. Let q(z) = -5*i(z) + 9*v(z). Determine q(13).
-28
Let x be ((-8)/(-24))/((-2)/(-4))*81. Let i(p) = 7*p**2 + x + 0*p**2 - 5*p**2 - 4*p - 3*p**2. Let d be i(-10). Let s(k) = k**3 + 5*k**2 - 5*k - 4. What is s(d)?
-10
Let i(j) = -14*j**2 - j. Let z = -10915 + 10916. Calculate i(z).
-15
Let w(s) = -11 + 0 - 5 + 3*s - 8 + 0 + 19. Let i = 9 - 5. Give w(i).
7
Let r(h) = 178*h**2 + 977*h - 21 - 984*h - 175*h**2. Determine r(4).
-1
Let h = -2658 - -2676. Let k(t) = 7*t - 131. What is k(h)?
-5
Suppose -5*b = 2 + 8. Let y be 0*((-15)/6 + 3) + 4. Let r(k) = 275*k**2 - 555*k**2 - k**3 - y*k + 278*k**2 - 3. Give r(b).
5
Suppose -2*c + 6*l - 4*l - 6 = 0, -2*l = 3*c + 24. Let f be 1/4 - (-42)/24. Let m(u) = f - 2 + 1 - u - 6. Calculate m(c).
1
Suppose j - 5*o + 13 = 2*j, -3*j + 23 = -o. Let w(l) = -3 + 5 + 315*l**2 - 314*l**2 + j*l. Give w(-8).
2
Let f(j) be the first derivative of j**3/3 - 7*j**2/2 + 4*j + 20. Suppose -k - 1 + 11 = 2*x, -15 = -3*x + 4*k. Calculate f(x).
-6
Let n = 95 + -93. Let j be (-2 - (0 - n))*(-43)/172. Let b(o) = -2*o - 7 + 1 + o. What is b(j)?
-6
Let s(b) be the second derivative of 1/2*b**3 + 2 + 32*b + 2*b**2 + 1/4*b**4 + 1/10*b**5. Calculate s(-3).
-32
Suppose 182 = -2165*x + 2152*x. Let s(u) = -4*u + 14. Determine s(x).
70
Let f(i) = 2*i**2 + 83*i - 19. Let n(a) = -a**2 - 37*a + 15. Let u(v) = -2*f(v) - 5*n(v). What is u(-20)?
-17
Suppose -3*j + 4 = 2*u, -41*u = j - 36*u + 16. Let w(d) be the second derivative of -46*d - 1/3*d**3 + 1/3*d**j + 0 - 1/2*d**2. Determine w(-1).
5
Let x(r) be the third derivative of 0*r - 14*r**2 - 1/8*r**4 - 9 + 1/2*r**3. Let s = -8 + 5. Calculate x(s).
12
Let j(i) = -2*i**2 - 32*i + 28. Let x(v) = -103*v + 704. Let k be x(7). Determine j(k).
-6
Let l(z) = z**2 - 17*z - 2. Let u(r) be the first derivative of -r**3/3 - 13*r**2 - 116*r + 95. Let g be u(-7). What is l(g)?
-2
Let u(w) be the third derivative of 13*w**6/180 - w**4/24 + 11*w**3/2 - 79*w**2. Let x(b) be the first derivative of u(b). Give x(1).
25
Let k(d) = d**3 + 7*d**2 - 80*d - 19. Let x be (39/(-12))/((-13)/12 - (-8)/6). What is k(x)?
7
Let n = 16 - 20. Let t(q) be the third derivative of q**5/20 + 5*q**4/24 + q**3/2 - 7*q**2 + 2. Give t(n).
31
Let h(o) = 42*o - 4. Let d(u) be the second derivative of -20*u**3/3 + 5*u**2/2 + 2*u + 74. Let l(x) = -3*d(x) - 4*h(x). What is l(1)?
-47
Let n(z) = -3*z**2 + z - 2. Suppose 54*d = 47 - 317. Determine n(d).
-82
Let j(z) = 12*z + 43. Let y(q) = 2*q**2 - 31*q - 94. Let w be y(18). Give j(w).
-5
Let l(v) = 4 - v - 9 - 2 + 3 - 2. Determine l(2).
-8
Let p(c) = 1091*c**2 - 3*c - 22*c**3 - 1085*c**2 - 1 + 9*c. Determine p(-1).
21
Let u(r) be the third derivative of -r**7/840 - r**6/40 + r**5/120 - r**4/4 + 23*r**3/2 + 71*r**2. Let b(y) be the first derivative of u(y). What is b(-9)?
-15
Let b(p) be the second derivative of -p**6/360 + p**4/6 + 11*p**3/3 + p**2 - 67*p. Let a(k) be the second derivative of b(k). Calculate a(3).
-5
Suppose -2*m + 16 = 5*x, 2*m = -0*m + 3*x. Let w be -5 + 4 - (-1)/(m/(-24)). Let f(b) = 3*b + 5. Determine f(w).
-22
Le